en thousands digit of z?
5
Let k = 44 + -85. Let r = 40 + k. What is the tens digit of (r - -52) + 4 + -6?
4
Let n be 3/6 - (-3)/2. Suppose n*g - m - 127 = -0*m, 3*m = -5*g + 312. Let r = g - 45. What is the tens digit of r?
1
Suppose -4*a + 5 = 5*l + 2, -1 = -a - l. Suppose -11 = -2*b - a*f - 3, 0 = -4*f. Suppose -y - 4*s = -60, b*s + 55 + 93 = 3*y. What is the tens digit of y?
5
Let o(v) = 2*v**2 - 7*v + 55. Suppose 0 = -11*b + 328 - 119. What is the hundreds digit of o(b)?
6
Let u = -387 + 30. Let k = -131 - u. What is the tens digit of k?
2
Let n = -580 - -1115. Suppose d - 5*f - 1067 = -3*d, f + n = 2*d. What is the units digit of (1 + d)/((-9)/72*-8)?
9
Let n(h) = 8*h**3 - 25*h**2 + 11*h - 10. Let i(f) = -7*f**3 + 24*f**2 - 10*f + 7. Let g(j) = 7*i(j) + 6*n(j). What is the tens digit of g(14)?
1
What is the thousands digit of -8 + 470744/8 + 8?
8
Suppose -152*z + 800696 + 215728 = 0. What is the units digit of z?
7
Suppose -370 + 15 = -5*j. Let d = 141 - j. What is the tens digit of d?
7
Let l(w) = -2*w**3 - 29*w**2 + 15*w - 9. Let c be l(-15). What is the hundreds digit of 55798/414 + (-2)/c?
1
Let o be 2/(-3) + 5744/12. Suppose o = -5*f + 2*s - 5*s, 5*s - 470 = 5*f. Let r = f - -215. What is the tens digit of r?
2
Suppose 5*z - 5 = -4*r, 6*r - 3*r - 4*z - 27 = 0. Suppose 0 = k + 3*n - 1131, -r*k = 2*n - 7*n - 5595. What is the thousands digit of k?
1
Let b be (1112/(-32))/(3/(-24)). Let m = 330 - b. What is the tens digit of m?
5
Let x(d) = 335*d - 9341. What is the thousands digit of x(45)?
5
Suppose -5*s + r = -14, -2*r - r + 3 = 0. Suppose -5 = -g + a - 3, 12 = -s*g - 3*a. What is the tens digit of -5 + 4 + 0 - g*71?
7
Suppose 0 = 127*g - 473221 - 92310. What is the hundreds digit of g?
4
Let p = 44790 - 24833. What is the units digit of p?
7
Let o(d) = -56*d - 22. Suppose 24*s + 40 = 19*s + 4*q, -q + 24 = -3*s. What is the hundreds digit of o(s)?
4
Let m(s) = -11*s - 96. Let g be m(15). What is the tens digit of (-14)/(-49)*(-2 - g)?
7
Let g(j) = j**2 - 12*j + 15. Let w be g(11). Suppose w*l = l + 6. Suppose 0*k + k = 4*y - 506, 4*y + l*k - 500 = 0. What is the hundreds digit of y?
1
Let r(q) = 6*q - 44. Suppose 24 = -3*k + 5*k. Let t be r(k). Suppose s - t - 139 = -4*y, -4*s = -3*y - 744. What is the hundreds digit of s?
1
What is the hundreds digit of (4/10)/(-12 + 28529319/2377440)?
3
Suppose 22*x = 48*x - 394939 + 4003. What is the ten thousands digit of x?
1
Suppose 48*v - 654278 = -47746 - 39124. What is the thousands digit of v?
1
What is the tens digit of ((-6574)/57)/((-12)/918)?
2
Suppose -3*u - 4*q = -49, 2*u + 3*q - 67 = -3*u. Suppose 5*j + 2146 = 3*o, -j - 13 = -u. What is the units digit of o?
2
Suppose -15*k + 18*k = 9, 4*r = 5*k + 28861. What is the thousands digit of r?
7
Suppose 26*l + 3*r + 52 = 27*l, 2*l + 4*r - 64 = 0. What is the hundreds digit of (1*-1)/(l/(-5920))?
1
Suppose 4*q + 1067 = 1087. Suppose -284 = -a - 3*t + q*t, -568 = -2*a - 2*t. What is the tens digit of a?
8
Suppose -142*t - 1319131 = -462*t + 88229. What is the tens digit of t?
9
Suppose -v + 6576 = -4*k, 13*v = 25*v - 5*k - 79127. What is the hundreds digit of v?
5
Let y = -3315 - -6140. What is the tens digit of y?
2
Let f(t) = -t**3 - 70*t**2 + 375*t + 90. Let z be f(-75). Suppose 5*a = -4*p + 177, -2*p - p + 3*a = -99. Let r = z + p. What is the units digit of r?
8
Suppose 5*y = 5*m - 0*y - 10, 2*y - 38 = -5*m. Suppose m = z + 2*j, z + 0*z + 6 = 4*j. What is the units digit of (-98)/(-8)*-8*(-1)/z?
9
Suppose 0 = -6*c + 2*c + 452. Suppose 3763 = 19*m - 1481. Let a = m - c. What is the units digit of a?
3
Let r = 76 + -72. Suppose o - 2963 = -5*x, -7*x + 3*x + 2380 = r*o. What is the hundreds digit of x?
5
Let m = 206 + -126. Let t be m/(-6)*(-252)/(-48). Let h = t + 102. What is the tens digit of h?
3
Let u(y) = 15*y**2 + 9*y - 12. Let p be u(4). Let q = p + -224. What is the tens digit of q?
4
Let q(j) = -j**2 - 3*j + 11. Let k be q(-5). Suppose -3*o - p = -13 + k, 12 = 3*o - 5*p. Suppose -u + 24 = o. What is the units digit of u?
0
What is the ten thousands digit of 42887208/714 - (3 + 196/(-68))?
6
Let s = -6955 - -12094. What is the tens digit of s?
3
Let j = -2942 + 4070. What is the units digit of j?
8
Suppose 1327*l = 1321*l + 38874. What is the thousands digit of l?
6
Suppose f + 3*d - 17575 = 0, -2*f - 547*d + 545*d = -35146. What is the hundreds digit of f?
5
Let w(h) be the first derivative of h**3 - 3*h**2 + 3*h - 5. Let u be w(2). What is the units digit of (u - 4) + 43 - 3?
9
What is the thousands digit of 10770/(-1)*6/(-12)?
5
Suppose -4*z = 4*o - 88784, 38*o + 44374 = 2*z + 42*o. What is the thousands digit of z?
2
Let t be -3 + 70/25 + 193124/(-5). What is the tens digit of 4/(-42) + t/(-63)?
1
Let u = 7207 + -4128. Let d = u - 2195. What is the hundreds digit of d?
8
Let z(n) = -10*n**2 - 17*n + 47. Let a(j) = -5*j**2 - 9*j + 23. Let s(k) = -9*a(k) + 4*z(k). What is the units digit of s(7)?
7
Let u = -39 + 43. Suppose -5*q = u*d - 608, -3*q + 606 = 3*d + 147. Suppose -d = -2*l + 149. What is the units digit of l?
3
Let a(v) be the third derivative of 19*v**4/24 + 35*v**3/3 - 86*v**2. What is the tens digit of a(10)?
6
Let j(s) = -549*s + 1. Let y(b) = -275*b. Let k(d) = -6*j(d) + 10*y(d). Let v be k(2). What is the hundreds digit of 3/(15/v) - 3/(-5)?
2
Let t = -67 + 70. Suppose -4*a - y + 203 = 0, t*y = -2*a + 29 + 60. Suppose -3*f + a + 20 = 0. What is the units digit of f?
4
What is the thousands digit of (-3820 + 0)*((-114)/10 + -14 + 19)?
4
Let t = 130 + -127. Suppose -3*c + 2*o = -4*c + 304, o = -t*c + 927. What is the units digit of c?
0
Let u(o) = o**3 + 42*o**2 + o - 48. What is the tens digit of u(-11)?
9
Suppose 4*r + z - 2*z + 324 = 0, 0 = -5*r + 3*z - 405. Let j = 506 - r. What is the tens digit of j?
8
Suppose -17*h + 14500 = 12*h. What is the hundreds digit of h?
5
Let x be 7 + -2 - -3*296/24. What is the tens digit of (12/(-14))/(x/(-29596))?
0
What is the tens digit of (-24)/52 - (-100477208)/1352?
1
What is the hundreds digit of ((-12)/10)/((-39)/6725160*4)?
7
Let s(x) = 80*x**3 - x**2 + 2*x + 3. Let w(d) = -1 + 80*d**3 + 4 - d**2 + d - 7 + 6. Let b(t) = 3*s(t) - 4*w(t). What is the units digit of b(-1)?
0
Let l be 1/(((-3)/3)/(-3)). Suppose -3*k + 666 = 660. Suppose -l*w + w = 4, k*w = 2*u - 582. What is the tens digit of u?
8
Let q(a) = 1181*a + 1626. What is the thousands digit of q(33)?
0
Let y be (-2)/7 + (-176)/(-28). Suppose y = 6*p - 0. What is the units digit of (p/3)/((-17)/(-918))?
8
Let l = 17 - 13. Suppose 3*o - 2*u = -14, -2*o - l = 3*u + u. What is the hundreds digit of 109 + (-2)/o*(-12 - -6)?
1
Let u be (-10)/(-4)*-2 + (-3 - -7). What is the tens digit of (-6 + 3 - -4)/(u/(-591))?
9
Let i(j) = 89*j**2 + 268*j - 2129. What is the hundreds digit of i(8)?
7
Let l be 4242/5 - 45/(-75). Suppose 4*g + 16 = 0, 4*d - 3*g - l = d. What is the tens digit of d?
7
Suppose 0 = -126*o + 121*o - 35. Let l(r) = 5*r**2 + 4*r - 20. What is the tens digit of l(o)?
9
Let w(v) = -v. Let i be w(-5). Let d be (-152)/(-56) + 8/28. Suppose 0 = d*n - i*n + 54. What is the tens digit of n?
2
Let i = 394 - 392. Suppose -4*f + 3*g + 2927 = 0, 0 = i*f - 5*g + g - 1476. What is the hundreds digit of f?
7
Suppose l = 22 - 17. Suppose -j - k + 311 = -69, 3*j = -l*k + 1150. What is the units digit of j?
5
Suppose -23*z + 54018 = -14*z. What is the tens digit of z?
0
Let j(a) be the second derivative of a**3/6 + 8*a**2 - 23*a. Let u be j(-9). Suppose -b + u*b = 582. What is the tens digit of b?
9
Suppose -2*i = 3*i - 120. Suppose i = -5*x + 8*x. What is the units digit of (-198)/(-5) + x/20?
0
Let y(m) = -7*m**3 - 7*m**2 + 17*m - 18. Let c(a) = -15*a**3 - 16*a**2 + 34*a - 37. Let o(n) = 2*c(n) - 5*y(n). What is the units digit of o(4)?
6
Suppose 20*u - 825547 = -100167. What is the units digit of u?
9
What is the thousands digit of (2 + -86602)*(-48)/120?
4
Suppose 81694*o - 81683*o - 173492 = 0. What is the ten thousands digit of o?
1
Let p(w) = -w**3 - 9*w**2 - 9*w + 8. Let k be p(-8). Suppose -a = -14 + k. What is the tens digit of 123 - (a + (0 - -4))?
2
Suppose -s = -2*s + 112. Let k(o) = 4*o**3 + 3*o + 3. Let l be k(-2). Let j = l + s. What is the tens digit of j?
7
Let h = 103 + -101. Suppose 5*b - 3*f - 52 = 